[INFO] cloning repository https://github.com/nledford/ScarlettServer
[INFO] running `Command { std: "git" "-c" "credential.helper=" "-c" "credential.helper=/workspace/cargo-home/bin/git-credential-null" "clone" "--bare" "https://github.com/nledford/ScarlettServer" "/workspace/cache/git-repos/https%3A%2F%2Fgithub.com%2Fnledford%2FScarlettServer", kill_on_drop: false }`
[INFO] [stderr] Cloning into bare repository '/workspace/cache/git-repos/https%3A%2F%2Fgithub.com%2Fnledford%2FScarlettServer'...
[INFO] running `Command { std: "git" "rev-parse" "HEAD", kill_on_drop: false }`
[INFO] [stdout] bbb7422cb2355104c9f3a4bf3a89d84c402cd43d
[INFO] checking nledford/ScarlettServer against master#af3c6e733a40e671550e0f0f5aeecaa13772ba56 for pr-74989
[INFO] running `Command { std: "git" "clone" "/workspace/cache/git-repos/https%3A%2F%2Fgithub.com%2Fnledford%2FScarlettServer" "/workspace/builds/worker-2/source", kill_on_drop: false }`
[INFO] [stderr] Cloning into '/workspace/builds/worker-2/source'...
[INFO] [stderr] done.
[INFO] validating manifest of git repo https://github.com/nledford/ScarlettServer on toolchain af3c6e733a40e671550e0f0f5aeecaa13772ba56
[INFO] running `Command { std: "/workspace/cargo-home/bin/cargo" "+af3c6e733a40e671550e0f0f5aeecaa13772ba56" "read-manifest" "--manifest-path" "Cargo.toml", kill_on_drop: false }`
[INFO] started tweaking git repo https://github.com/nledford/ScarlettServer
[INFO] finished tweaking git repo https://github.com/nledford/ScarlettServer
[INFO] tweaked toml for git repo https://github.com/nledford/ScarlettServer written to /workspace/builds/worker-2/source/Cargo.toml
[INFO] crate git repo https://github.com/nledford/ScarlettServer already has a lockfile, it will not be regenerated
[INFO] running `Command { std: "/workspace/cargo-home/bin/cargo" "+af3c6e733a40e671550e0f0f5aeecaa13772ba56" "fetch" "--locked" "--manifest-path" "Cargo.toml", kill_on_drop: false }`
[INFO] [stderr]     Blocking waiting for file lock on package cache
[INFO] running `Command { std: "docker" "create" "-v" "/var/lib/crater-agent-workspace/builds/worker-2/target:/opt/rustwide/target:rw,Z" "-v" "/var/lib/crater-agent-workspace/builds/worker-2/source:/opt/rustwide/workdir:ro,Z" "-v" "/var/lib/crater-agent-workspace/cargo-home:/opt/rustwide/cargo-home:ro,Z" "-v" "/var/lib/crater-agent-workspace/rustup-home:/opt/rustwide/rustup-home:ro,Z" "-e" "SOURCE_DIR=/opt/rustwide/workdir" "-e" "CARGO_TARGET_DIR=/opt/rustwide/target" "-e" "CARGO_HOME=/opt/rustwide/cargo-home" "-e" "RUSTUP_HOME=/opt/rustwide/rustup-home" "-w" "/opt/rustwide/workdir" "-m" "1610612736" "--user" "0:0" "--network" "none" "rustops/crates-build-env@sha256:d92eaeed33fa75130ca1ee6c8a01d1ffb62bac859dfdfb3450e3e5d1c0146529" "/opt/rustwide/cargo-home/bin/cargo" "+af3c6e733a40e671550e0f0f5aeecaa13772ba56" "metadata" "--no-deps" "--format-version=1", kill_on_drop: false }`
[INFO] [stderr] WARNING: Your kernel does not support swap limit capabilities or the cgroup is not mounted. Memory limited without swap.
[INFO] [stdout] 14c637832323951e0c0a6e8f6feae87d63c0bc0ffa57d0f2b57f2380b162fb26
[INFO] running `Command { std: "docker" "start" "-a" "14c637832323951e0c0a6e8f6feae87d63c0bc0ffa57d0f2b57f2380b162fb26", kill_on_drop: false }`
[INFO] running `Command { std: "docker" "inspect" "14c637832323951e0c0a6e8f6feae87d63c0bc0ffa57d0f2b57f2380b162fb26", kill_on_drop: false }`
[INFO] running `Command { std: "docker" "rm" "-f" "14c637832323951e0c0a6e8f6feae87d63c0bc0ffa57d0f2b57f2380b162fb26", kill_on_drop: false }`
[INFO] [stdout] 14c637832323951e0c0a6e8f6feae87d63c0bc0ffa57d0f2b57f2380b162fb26
[INFO] running `Command { std: "docker" "create" "-v" "/var/lib/crater-agent-workspace/builds/worker-2/target:/opt/rustwide/target:rw,Z" "-v" "/var/lib/crater-agent-workspace/builds/worker-2/source:/opt/rustwide/workdir:ro,Z" "-v" "/var/lib/crater-agent-workspace/cargo-home:/opt/rustwide/cargo-home:ro,Z" "-v" "/var/lib/crater-agent-workspace/rustup-home:/opt/rustwide/rustup-home:ro,Z" "-e" "SOURCE_DIR=/opt/rustwide/workdir" "-e" "CARGO_TARGET_DIR=/opt/rustwide/target" "-e" "CARGO_INCREMENTAL=0" "-e" "RUST_BACKTRACE=full" "-e" "RUSTFLAGS=--cap-lints=forbid" "-e" "CARGO_HOME=/opt/rustwide/cargo-home" "-e" "RUSTUP_HOME=/opt/rustwide/rustup-home" "-w" "/opt/rustwide/workdir" "-m" "1610612736" "--user" "0:0" "--network" "none" "rustops/crates-build-env@sha256:d92eaeed33fa75130ca1ee6c8a01d1ffb62bac859dfdfb3450e3e5d1c0146529" "/opt/rustwide/cargo-home/bin/cargo" "+af3c6e733a40e671550e0f0f5aeecaa13772ba56" "check" "--frozen" "--all" "--all-targets" "--message-format=json", kill_on_drop: false }`
[INFO] [stdout] 7abceb37e195ba66263f263083621cf93b94914d9387a78c535e4ee1c387145f
[INFO] [stderr] WARNING: Your kernel does not support swap limit capabilities or the cgroup is not mounted. Memory limited without swap.
[INFO] running `Command { std: "docker" "start" "-a" "7abceb37e195ba66263f263083621cf93b94914d9387a78c535e4ee1c387145f", kill_on_drop: false }`
[INFO] [stderr]    Compiling proc-macro2 v1.0.10
[INFO] [stderr]    Compiling unicode-xid v0.2.0
[INFO] [stderr]    Compiling syn v1.0.17
[INFO] [stderr]     Checking cfg-if v0.1.10
[INFO] [stderr]     Checking lazy_static v1.4.0
[INFO] [stderr]    Compiling log v0.4.8
[INFO] [stderr]     Checking futures-core v0.3.4
[INFO] [stderr]    Compiling byteorder v1.3.4
[INFO] [stderr]    Compiling serde v1.0.106
[INFO] [stderr]    Compiling proc-macro-hack v0.5.15
[INFO] [stderr]     Checking smallvec v1.2.0
[INFO] [stderr]     Checking fnv v1.0.6
[INFO] [stderr]     Checking arc-swap v0.4.5
[INFO] [stderr]     Checking scopeguard v1.1.0
[INFO] [stderr]    Compiling cc v1.0.50
[INFO] [stderr]    Compiling ryu v1.0.3
[INFO] [stderr]     Checking futures-io v0.3.4
[INFO] [stderr]     Checking futures-task v0.3.4
[INFO] [stderr]     Checking pin-utils v0.1.0-alpha.4
[INFO] [stderr]     Checking itoa v0.4.5
[INFO] [stderr]    Compiling bitflags v1.2.1
[INFO] [stderr]     Checking ppv-lite86 v0.2.6
[INFO] [stderr]    Compiling version_check v0.9.1
[INFO] [stderr]     Checking adler32 v1.0.4
[INFO] [stderr]     Checking copyless v0.1.4
[INFO] [stderr]    Compiling failure_derive v0.1.7
[INFO] [stderr]    Compiling openssl v0.10.28
[INFO] [stderr]     Checking rustc-demangle v0.1.16
[INFO] [stderr]     Checking foreign-types-shared v0.1.1
[INFO] [stderr]    Compiling unicode-segmentation v1.6.0
[INFO] [stderr]    Compiling crc32fast v1.2.0
[INFO] [stderr]    Compiling slab v0.4.2
[INFO] [stderr]    Compiling semver-parser v0.7.0
[INFO] [stderr]     Checking opaque-debug v0.2.3
[INFO] [stderr]     Checking regex-syntax v0.6.17
[INFO] [stderr]    Compiling maybe-uninit v2.0.0
[INFO] [stderr]    Compiling arrayvec v0.4.12
[INFO] [stderr]     Checking linked-hash-map v0.5.2
[INFO] [stderr]     Checking nodrop v0.1.14
[INFO] [stderr]     Checking fallible-iterator v0.2.0
[INFO] [stderr]    Compiling byte-tools v0.3.1
[INFO] [stderr]    Compiling version_check v0.1.5
[INFO] [stderr]     Checking base64 v0.12.0
[INFO] [stderr]     Checking siphasher v0.3.2
[INFO] [stderr]     Checking md5 v0.7.0
[INFO] [stderr]    Compiling futures-sink v0.3.4
[INFO] [stderr]    Compiling subtle v1.0.0
[INFO] [stderr]    Compiling rayon-core v1.7.0
[INFO] [stderr]     Checking static_assertions v0.3.4
[INFO] [stderr]    Compiling fake-simd v0.1.2
[INFO] [stderr]    Compiling pin-project-lite v0.1.4
[INFO] [stderr]    Compiling v_htmlescape v0.4.5
[INFO] [stderr]     Checking lzw v0.10.0
[INFO] [stderr]     Checking color_quant v1.0.1
[INFO] [stderr]    Compiling percent-encoding v2.1.0
[INFO] [stderr]    Compiling anyhow v1.0.28
[INFO] [stderr]     Checking same-file v1.0.6
[INFO] [stderr]     Checking scoped_threadpool v0.1.9
[INFO] [stderr]     Checking dotenv v0.15.0
[INFO] [stderr]    Compiling num-traits v0.2.11
[INFO] [stderr]    Compiling num-integer v0.1.42
[INFO] [stderr]    Compiling crossbeam-utils v0.7.2
[INFO] [stderr]    Compiling indexmap v1.3.2
[INFO] [stderr]    Compiling memoffset v0.5.4
[INFO] [stderr]    Compiling crossbeam-epoch v0.8.2
[INFO] [stderr]    Compiling num-iter v0.1.40
[INFO] [stderr]    Compiling num-rational v0.2.4
[INFO] [stderr]     Checking lock_api v0.3.3
[INFO] [stderr]     Checking thread_local v1.0.1
[INFO] [stderr]     Checking futures-channel v0.3.4
[INFO] [stderr]     Checking unicode-normalization v0.1.12
[INFO] [stderr]     Checking block-padding v0.1.5
[INFO] [stderr]     Checking miniz_oxide v0.3.6
[INFO] [stderr]     Checking inflate v0.4.5
[INFO] [stderr]     Checking http v0.2.1
[INFO] [stderr]     Checking foreign-types v0.3.2
[INFO] [stderr]    Compiling semver v0.9.0
[INFO] [stderr]     Checking lru-cache v0.1.2
[INFO] [stderr]    Compiling unicase v2.6.0
[INFO] [stderr]    Compiling nom v5.1.1
[INFO] [stderr]    Compiling unicode-bidi v0.3.4
[INFO] [stderr]     Checking phf_shared v0.8.0
[INFO] [stderr]    Compiling heck v0.3.1
[INFO] [stderr]    Compiling libc v0.2.68
[INFO] [stderr]    Compiling nom v4.2.3
[INFO] [stderr]     Checking gif v0.10.3
[INFO] [stderr]     Checking walkdir v2.3.1
[INFO] [stderr]    Compiling memchr v2.3.3
[INFO] [stderr]    Compiling proc-macro-nested v0.1.4
[INFO] [stderr]    Compiling typenum v1.11.2
[INFO] [stderr]     Checking encoding_rs v0.8.22
[INFO] [stderr]    Compiling rustc_version v0.2.3
[INFO] [stderr]     Checking phf v0.8.0
[INFO] [stderr]     Checking net2 v0.2.33
[INFO] [stderr]     Checking iovec v0.1.4
[INFO] [stderr]     Checking signal-hook-registry v1.2.0
[INFO] [stderr]     Checking parking_lot_core v0.7.0
[INFO] [stderr]     Checking getrandom v0.1.14
[INFO] [stderr]     Checking socket2 v0.3.12
[INFO] [stderr]     Checking hostname v0.3.1
[INFO] [stderr]     Checking atty v0.2.14
[INFO] [stderr]    Compiling openssl-sys v0.9.54
[INFO] [stderr]    Compiling backtrace-sys v0.1.35
[INFO] [stderr]    Compiling brotli-sys v0.3.2
[INFO] [stderr]     Checking idna v0.2.0
[INFO] [stderr]     Checking stringprep v0.1.2
[INFO] [stderr]    Compiling time v0.1.42
[INFO] [stderr]     Checking fxhash v0.2.1
[INFO] [stderr]     Checking deflate v0.8.4
[INFO] [stderr]     Checking tiff v0.4.0
[INFO] [stderr]     Checking threadpool v1.7.1
[INFO] [stderr]     Checking flate2 v1.0.14
[INFO] [stderr]     Checking resolv-conf v0.6.3
[INFO] [stderr]     Checking mio v0.6.21
[INFO] [stderr]     Checking block-buffer v0.7.3
[INFO] [stderr]     Checking crypto-mac v0.7.0
[INFO] [stderr]    Compiling quote v1.0.3
[INFO] [stderr]     Checking rand_core v0.5.1
[INFO] [stderr]     Checking parking_lot v0.10.0
[INFO] [stderr]    Compiling lexical-core v0.6.2
[INFO] [stderr]    Compiling generic-array v0.12.3
[INFO] [stderr]     Checking regex v1.3.6
[INFO] [stderr]     Checking crossbeam-queue v0.2.1
[INFO] [stderr]     Checking url v2.1.1
[INFO] [stderr]     Checking hmac v0.7.1
[INFO] [stderr]     Checking sha2 v0.8.1
[INFO] [stderr]     Checking sha3 v0.8.2
[INFO] [stderr]     Checking png v0.16.2
[INFO] [stderr]    Compiling mime_guess v2.0.3
[INFO] [stderr]     Checking rand_chacha v0.2.2
[INFO] [stderr]     Checking crossbeam-deque v0.7.3
[INFO] [stderr]    Compiling digest v0.8.1
[INFO] [stderr]     Checking mio-uds v0.6.7
[INFO] [stderr]     Checking rand v0.7.3
[INFO] [stderr]     Checking backtrace v0.3.46
[INFO] [stderr]     Checking env_logger v0.7.1
[INFO] [stderr]     Checking tokio v0.2.16
[INFO] [stderr]     Checking rayon v1.3.0
[INFO] [stderr]     Checking postgres-protocol v0.5.1
[INFO] [stderr]     Checking brotli2 v0.3.2
[INFO] [stderr]     Checking tokio-util v0.3.1
[INFO] [stderr]     Checking tokio-util v0.2.0
[INFO] [stderr]     Checking tokio-openssl v0.4.0
[INFO] [stderr]     Checking jpeg-decoder v0.1.18
[INFO] [stderr]     Checking actix-codec v0.2.0
[INFO] [stderr]     Checking image v0.23.3
[INFO] [stderr]    Compiling synstructure v0.12.3
[INFO] [stderr]    Compiling futures-macro v0.3.4
[INFO] [stderr]    Compiling serde_derive v1.0.106
[INFO] [stderr]    Compiling async-trait v0.1.30
[INFO] [stderr]    Compiling derive_more v0.99.5
[INFO] [stderr]    Compiling pin-project-internal v0.4.8
[INFO] [stderr]    Compiling actix-macros v0.1.1
[INFO] [stderr]    Compiling enum-as-inner v0.3.2
[INFO] [stderr]    Compiling actix-web-codegen v0.2.1
[INFO] [stderr]    Compiling v_escape_derive v0.5.6
[INFO] [stderr]    Compiling thiserror-impl v1.0.14
[INFO] [stderr]     Checking failure v0.1.7
[INFO] [stderr]     Checking futures-util v0.3.4
[INFO] [stderr]     Checking v_escape v0.7.4
[INFO] [stderr]     Checking thiserror v1.0.14
[INFO] [stderr]     Checking pin-project v0.4.8
[INFO] [stderr]     Checking futures-executor v0.3.4
[INFO] [stderr]     Checking actix-service v1.0.5
[INFO] [stderr]     Checking h2 v0.2.4
[INFO] [stderr]     Checking futures v0.3.4
[INFO] [stderr]     Checking trust-dns-proto v0.18.0-alpha.2
[INFO] [stderr]     Checking actix-threadpool v0.3.1
[INFO] [stderr]     Checking actix-rt v1.0.0
[INFO] [stderr]     Checking actix-utils v1.0.6
[INFO] [stderr]     Checking trust-dns-resolver v0.18.0-alpha.2
[INFO] [stderr]     Checking actix-tls v1.0.0
[INFO] [stderr]     Checking actix-server v1.0.2
[INFO] [stderr]     Checking actix-testing v1.0.0
[INFO] [stderr]     Checking actix-connect v1.0.2
[INFO] [stderr]     Checking chrono v0.4.11
[INFO] [stderr]     Checking serde_json v1.0.51
[INFO] [stderr]     Checking serde_urlencoded v0.6.1
[INFO] [stderr]     Checking actix-router v0.2.4
[INFO] [stderr]     Checking num-format v0.4.0
[INFO] [stderr]     Checking postgres-types v0.1.1
[INFO] [stderr]     Checking actix-http v1.0.1
[INFO] [stderr]     Checking tokio-postgres v0.5.3
[INFO] [stderr]     Checking postgres v0.17.2
[INFO] [stderr]     Checking tokio-pg-mapper v0.1.7
[INFO] [stderr]     Checking rust_decimal v1.4.0
[INFO] [stderr]     Checking awc v1.0.1
[INFO] [stderr]     Checking config v0.10.1
[INFO] [stderr]     Checking actix-web v2.0.0
[INFO] [stderr]     Checking deadpool v0.5.1
[INFO] [stderr]    Compiling tokio-pg-mapper-derive v0.1.5
[INFO] [stderr]     Checking deadpool-postgres v0.5.5
[INFO] [stderr]     Checking actix-cors v0.2.0
[INFO] [stderr]     Checking actix-files v0.2.1
[INFO] [stderr]     Checking scarlett-server v0.1.0 (/opt/rustwide/workdir)
[INFO] [stdout] error[E0308]: mismatched types
[INFO] [stdout]    --> src/files/photos.rs:121:32
[INFO] [stdout]     |
[INFO] [stdout] 121 |         .map(|f| NewPhoto::new(f.file_path.to_string(), f.date_created))
[INFO] [stdout]     |                                ^^^^^^^^^^^^^^^^^^^^^^^
[INFO] [stdout]     |                                |
[INFO] [stdout]     |                                expected `&str`, found struct `std::string::String`
[INFO] [stdout]     |                                help: consider borrowing here: `&f.file_path.to_string()`
[INFO] [stdout] 
[INFO] [stdout] 
[INFO] [stdout] error[E0308]: mismatched types
[INFO] [stdout]    --> src/files/photos.rs:156:33
[INFO] [stdout]     |
[INFO] [stdout] 156 |             Photo::update_photo(photo_to_update, pool).await?;
[INFO] [stdout]     |                                 ^^^^^^^^^^^^^^^
[INFO] [stdout]     |                                 |
[INFO] [stdout]     |                                 expected `&Photo`, found struct `Photo`
[INFO] [stdout]     |                                 help: consider borrowing here: `&photo_to_update`
[INFO] [stdout] 
[INFO] [stdout] 
[INFO] [stdout] error[E0308]: mismatched types
[INFO] [stdout]    --> src/files/photos.rs:121:32
[INFO] [stdout]     |
[INFO] [stdout] 121 |         .map(|f| NewPhoto::new(f.file_path.to_string(), f.date_created))
[INFO] [stdout]     |                                ^^^^^^^^^^^^^^^^^^^^^^^
[INFO] [stdout]     |                                |
[INFO] [stdout]     |                                expected `&str`, found struct `std::string::String`
[INFO] [stdout]     |                                help: consider borrowing here: `&f.file_path.to_string()`
[INFO] [stdout] 
[INFO] [stdout] 
[INFO] [stdout] error[E0308]: mismatched types
[INFO] [stdout]    --> src/files/photos.rs:156:33
[INFO] [stdout]     |
[INFO] [stdout] 156 |             Photo::update_photo(photo_to_update, pool).await?;
[INFO] [stdout]     |                                 ^^^^^^^^^^^^^^^
[INFO] [stdout]     |                                 |
[INFO] [stdout]     |                                 expected `&Photo`, found struct `Photo`
[INFO] [stdout]     |                                 help: consider borrowing here: `&photo_to_update`
[INFO] [stdout] 
[INFO] [stdout] 
[INFO] [stdout] error[E0308]: mismatched types
[INFO] [stdout]   --> src/handlers/photos.rs:67:37
[INFO] [stdout]    |
[INFO] [stdout] 67 |     let photo = Photo::update_photo(photo, &pool).await?;
[INFO] [stdout]    |                                     ^^^^^
[INFO] [stdout]    |                                     |
[INFO] [stdout]    |                                     expected `&Photo`, found struct `Photo`
[INFO] [stdout]    |                                     help: consider borrowing here: `&photo`
[INFO] [stdout] 
[INFO] [stdout] 
[INFO] [stdout] error[E0308]: mismatched types
[INFO] [stdout]   --> src/handlers/photos.rs:67:37
[INFO] [stdout]    |
[INFO] [stdout] 67 |     let photo = Photo::update_photo(photo, &pool).await?;
[INFO] [stdout]    |                                     ^^^^^
[INFO] [stdout]    |                                     |
[INFO] [stdout]    |                                     expected `&Photo`, found struct `Photo`
[INFO] [stdout]    |                                     help: consider borrowing here: `&photo`
[INFO] [stdout] 
[INFO] [stdout] 
[INFO] [stdout] error: aborting due to 3 previous errors
[INFO] [stdout] 
[INFO] [stdout] 
[INFO] [stdout] For more information about this error, try `rustc --explain E0308`.
[INFO] [stdout] 
[INFO] [stderr] error: could not compile `scarlett-server`.
[INFO] [stderr] 
[INFO] [stderr] To learn more, run the command again with --verbose.
[INFO] [stderr] warning: build failed, waiting for other jobs to finish...
[INFO] [stdout] error: aborting due to 3 previous errors
[INFO] [stdout] 
[INFO] [stdout] 
[INFO] [stdout] For more information about this error, try `rustc --explain E0308`.
[INFO] [stdout] 
[INFO] [stderr] error: build failed
[INFO] running `Command { std: "docker" "inspect" "7abceb37e195ba66263f263083621cf93b94914d9387a78c535e4ee1c387145f", kill_on_drop: false }`
[INFO] running `Command { std: "docker" "rm" "-f" "7abceb37e195ba66263f263083621cf93b94914d9387a78c535e4ee1c387145f", kill_on_drop: false }`
[INFO] [stdout] 7abceb37e195ba66263f263083621cf93b94914d9387a78c535e4ee1c387145f
